{"id":193,"date":"2014-06-24T09:18:08","date_gmt":"2014-06-24T09:18:08","guid":{"rendered":"http:\/\/www.mobilmestring.no\/?page_id=193"},"modified":"2015-01-20T13:10:40","modified_gmt":"2015-01-20T13:10:40","slug":"om-innstillinger-pa-iphone","status":"publish","type":"page","link":"https:\/\/www.mobilmestring.no\/?page_id=193","title":{"rendered":"Innstillinger p\u00e5 iPhone"},"content":{"rendered":"<p>Her finner du en presentasjon\u00a0<span style=\"line-height: 1.5;\">om innstillinger p\u00e5 iPhone.<\/span><\/p>\n<p>Trykk p\u00e5 lenken for \u00e5 \u00e5pne PDF-filen i en ny fane.<\/p>\n<p><a title=\"Veiledning \u00e5pnes som PDF-fil i ny fane. \" href=\"https:\/\/www.mobilmestring.no\/wp-content\/uploads\/2014\/06\/Innstillinger1.pdf\" target=\"_blank\">Innstillinger p\u00e5 iPhone<\/a><\/p>\n<p>&nbsp;<\/p>\n<p>&nbsp;<\/p>\n","protected":false},"excerpt":{"rendered":"<p>Her finner du en presentasjon\u00a0om innstillinger p\u00e5 iPhone. Trykk p\u00e5 lenken for \u00e5 \u00e5pne PDF-filen i en ny fane. Innstillinger p\u00e5 iPhone &nbsp; &nbsp;<\/p>\n","protected":false},"author":2,"featured_media":0,"parent":0,"menu_order":0,"comment_status":"closed","ping_status":"closed","template":"","meta":{"footnotes":""},"class_list":["post-193","page","type-page","status-publish","hentry"],"_links":{"self":[{"href":"https:\/\/www.mobilmestring.no\/index.php?rest_route=\/wp\/v2\/pages\/193","targetHints":{"allow":["GET"]}}],"collection":[{"href":"https:\/\/www.mobilmestring.no\/index.php?rest_route=\/wp\/v2\/pages"}],"about":[{"href":"https:\/\/www.mobilmestring.no\/index.php?rest_route=\/wp\/v2\/types\/page"}],"author":[{"embeddable":true,"href":"https:\/\/www.mobilmestring.no\/index.php?rest_route=\/wp\/v2\/users\/2"}],"replies":[{"embeddable":true,"href":"https:\/\/www.mobilmestring.no\/index.php?rest_route=%2Fwp%2Fv2%2Fcomments&post=193"}],"version-history":[{"count":0,"href":"https:\/\/www.mobilmestring.no\/index.php?rest_route=\/wp\/v2\/pages\/193\/revisions"}],"wp:attachment":[{"href":"https:\/\/www.mobilmestring.no\/index.php?rest_route=%2Fwp%2Fv2%2Fmedia&parent=193"}],"curies":[{"name":"wp","href":"https:\/\/api.w.org\/{rel}","templated":true}]}}